rime factors of 1716?
2, 3, 11, 13
What are the prime factors of 43555?
5, 31, 281
List the prime factors of 2754.
2, 3, 17
What are the prime factors of 2557?
2557
What are the prime factors of 2436?
2, 3, 7, 29
List the prime factors of 773.
773
List the prime factors of 438.
2, 3, 73
What are the prime factors of 5714?
2, 2857
What are the prime factors of 12634?
2, 6317
List the prime factors of 53872.
2, 7, 13, 37
List the prime factors of 7096.
2, 887
What are the prime factors of 83934?
2, 3, 4663
List the prime factors of 2225.
5, 89
What are the prime factors of 49268?
2, 109, 113
What are the prime factors of 160546?
2, 80273
What are the prime factors of 45347?
137, 331
List the prime factors of 215.
5, 43
What are the prime factors of 33471?
3, 3719
What are the prime factors of 8059?
8059
List the prime factors of 61470.
2, 3, 5, 683
What are the prime factors of 1769?
29, 61
List the prime factors of 34.
2, 17
List the prime factors of 42883.
19, 37, 61
What are the prime factors of 24777?
3, 2753
What are the prime factors of 3966?
2, 3, 661
What are the prime factors of 5138?
2, 7, 367
What are the prime factors of 2743?
13, 211
What are the prime factors of 61204?
2, 11, 13, 107
List the prime factors of 3053.
43, 71
List the prime factors of 107468.
2, 67, 401
List the prime factors of 26030.
2, 5, 19, 137
What are the prime factors of 7436?
2, 11, 13
What are the prime factors of 3566?
2, 1783
What are the prime factors of 49?
7
List the prime factors of 3166.
2, 1583
List the prime factors of 5392.
2, 337
What are the prime factors of 75586?
2, 7, 5399
What are the prime factors of 3681?
3, 409
What are the prime factors of 53981?
23, 2347
List the prime factors of 27920.
2, 5, 349
List the prime factors of 44467.
53, 839
List the prime factors of 17558.
2, 8779
List the prime factors of 4071.
3, 23, 59
List the prime factors of 710.
2, 5, 71
What are the prime factors of 2321?
11, 211
What are the prime factors of 29029?
7, 11, 13, 29
What are the prime factors of 995?
5, 199
What are the prime factors of 96556?
2, 101, 239
List the prime factors of 21242.
2, 13, 19, 43
What are the prime factors of 3096?
2, 3, 43
What are the prime factors of 3353?
7, 479
List the prime factors of 70909.
23, 3083
What are the prime factors of 42828?
2, 3, 43, 83
List the prime factors of 1326.
2, 3, 13, 17
What are the prime factors of 12392?
2, 1549
List the prime factors of 1974.
2, 3, 7, 47
List the prime factors of 73932.
2, 3, 61, 101
What are the prime factors of 19?
19
What are the prime factors of 32839?
32839
What are the prime factors of 1513?
17, 89
List the prime factors of 5494.
2, 41, 67
What are the prime factors of 5488?
2, 7
What are the prime factors of 7433?
7433
List the prime factors of 6877.
13, 23
What are the prime factors of 26802?
2, 3, 1489
List the prime factors of 1646.
2, 823
List the prime factors of 83606.
2, 17, 2459
What are the prime factors of 1394?
2, 17, 41
What are the prime factors of 5633?
43, 131
What are the prime factors of 749?
7, 107
What are the prime factors of 705?
3, 5, 47
What are the prime factors of 4601?
43, 107
List the prime factors of 252.
2, 3, 7
What are the prime factors of 688?
2, 43
List the prime factors of 367.
367
List the prime factors of 15100.
2, 5, 151
List the prime factors of 2560.
2, 5
List the prime factors of 44990.
2, 5, 11, 409
List the prime factors of 1293.
3, 431
List the prime factors of 10812.
2, 3, 17, 53
What are the prime factors of 817?
19, 43
List the prime factors of 6099.
3, 19, 107
List the prime factors of 6579.
3, 17, 43
What are the prime factors of 28999?
47, 617
What are the prime factors of 2499?
3, 7, 17
What are the prime factors of 47324?
2, 11831
What are the prime factors of 387?
3, 43
What are the prime factors of 3816?
2, 3, 53
List the prime factors of 2057.
11, 17
What are the prime factors of 27980?
2, 5, 1399
List the prime factors of 25184.
2, 787
What are the prime factors of 4327?
4327
What are the prime factors of 6248?
2, 11, 71
What are the prime factors of 247?
13, 19
List the prime factors of 654.
2, 3, 109
List the prime factors of 12517.
12517
What are the prime factors of 20006?
2, 7, 1429
What are the prime factors of 1255?
5, 251
What are the prime factors of 39410?
2, 5, 7, 563
What are the prime factors of 3998?
2, 1999
What are the prime factors of 17799?
3, 17, 349
List the prime factors of 745.
5, 149
What are the prime factors of 1120?
2, 5, 7
List the prime factors of 123179.
7, 17597
What are the prime factors of 13162?
2, 6581
What are the prime factors of 2625?
3, 5, 7
What are the prime factors of 28617?
3, 9539
What are the prime factors of 16992?
2, 3, 59
What are the prime factors of 8630?
2, 5, 863
What are the prime factors of 46364?
2, 67, 173
List the prime factors of 2507.
23, 109
List the prime factors of 40114.
2, 31, 647
List the prime factors of 3534.
2, 3, 19, 31
List the prime factors of 287.
7, 41
What are the prime factors of 104394?
2, 3, 127, 137
List the prime factors of 9068.
2, 2267
What are the prime factors of 128968?
2, 7, 47
What are the prime factors of 58241?
139, 419
List the prime factors of 432.
2, 3
What are the prime factors of 782?
2, 17, 23
List the prime factors of 3518.
2, 1759
List the prime factors of 3456.
2, 3
List the prime factors of 893.
19, 47
What are the prime factors of 280?
2, 5, 7
List the prime factors of 7617.
3, 2539
List the prime factors of 3466.
2, 1733
What are the prime factors of 603?
3, 67
What are the prime factors of 31396?
2, 47, 167
What are the prime factors of 2385?
3, 5, 53
List the prime factors of 73531.
23, 139
List the prime factors of 120701.
7, 43, 401
List the prime factors of 400.
2, 5
What are the prime factors of 4841?
47, 103
List the prime factors of 6557.
79, 83
List the prime factors of 1270.
2, 5, 127
List the prime factors of 116875.
5, 11, 17
What are the prime factors of 248?
2, 31
What are the prime factors of 1260?
2, 3, 5, 7
List the prime factors of 907.
907
What are the prime factors of 54?
2, 3
What are the prime factors of 19729?
109, 181
What are the prime factors of 4244?
2, 1061
What are the prime factors of 143892?
2, 3, 7, 571
List the prime factors of 2313.
3, 257
List the prime factors of 481.
13, 37
What are the prime factors of 51779?
7, 13, 569
What are the prime factors of 2330?
2, 5, 233
What are the prime factors of 1570?
2, 5, 157
What are the prime factors of 1826?
2, 11, 83
What are the prime factors of 1240?
2, 5, 31
List the prime factors of 253.
11, 23
List the prime factors of 3696.
2, 3, 7, 11
What are the prime factors of 10330?
2, 5, 1033
List the prime factors of 195.
3, 5, 13
List the prime factors of 52661.
7, 7523
List the prime factors of 16135.
5, 7, 461
What are the prime factors of 3877?
3877
List the prime factors of 825.
3, 5, 11
List the prime factors of 20312.
2, 2539
What are the prime factors of 11417?
7, 233
What are the prime factors of 62718?
2, 3, 10453
List the prime factors of 5353.
53, 101
List the prime factors of 209.
11, 19
What are the prime factors of 13633?
13633
What are the prime factors of 14905?
5, 11, 271
List the prime factors of 77007.
3, 7, 19, 193
What are the prime factors of 42585?
3, 5, 17, 167
List the prime factors of 4538.
2, 2269
List the prime factors of 39285.
3, 5, 97
What are the prime factors of 3390?
2, 3, 5, 113
List the prime factors of 2144.
2, 67
What are the prime factors of 536?
2, 67
List the prime factors of 3032.
2, 379
List the prime factors of 498.
2, 3, 83
List the prime factors of 38074.
2, 19037
What are the prime factors of 18594?
2, 3, 1033
List the prime factors of 3503.
31, 113
What are the prime factors of 41902?
2, 7, 41, 73
List the prime factors of 2668.
2, 23, 29
What are the prime factors of 4509?
3, 167
List the prime factors of 1070.
2, 5, 107
What are the prime factors of 54?
2, 3
List the prime factors of 2073.
3, 691
What are the prime factors of 1577?
19, 83
List the prime factors of 64466.
2, 32233
What are the prime factors of 755?
5, 151
List the prime factors of 4482.
2, 3, 83
What are the prime factors of 2148?
2, 3, 179
What are the prime factors of 6793?
6793
What are the prime factors of 3244?
2, 811
List the